 = -j + 3*v. Let a(m) = m**2 - 3*m - 5. Determine a(j).
-1
Let h(i) = -i**2 + 2*i**2 + 0 + 8*i - 3 - 2. What is h(-6)?
-17
Let i(y) be the first derivative of y**3/3 - y**2 - 3*y - 12. Give i(-2).
5
Suppose -15 = -0*a + 4*a + 5*t, -4*t = 2*a + 12. Let s(c) = c**2 - c**3 + 5 + a*c**3 - c + 2 - 3. What is s(0)?
4
Let y(a) = -a**3 - 3*a**2 - a + 1. Suppose -q + 130 - 133 = 0. What is y(q)?
4
Suppose 2 + 2 = 2*b. Suppose -x - 22 = -6*x - 3*a, 3*x - 2*a = -b. Suppose h = -x*h + 15. Let j(i) = i**2 - 3*i - 7. Determine j(h).
3
Let a = -9 + 4. Let g(c) = -c - 5. Give g(a).
0
Let w(k) be the first derivative of -10 - 1/2*k**2 + 0*k. Determine w(1).
-1
Let w(s) = 4*s - 1. Suppose 0 = 3*z + 5*l - 4 + 5, 0 = 3*z - 2*l - 13. Suppose 0 = -0*a - 3*a - z. What is w(a)?
-5
Let l(z) be the third derivative of -2*z**2 + 0 + 5/6*z**3 + 1/12*z**4 + 0*z + 1/120*z**6 - 1/10*z**5. Calculate l(5).
-10
Suppose -2*k = -3*z + 20, 2*k - 8 = 2*z - 6*z. Let h(b) = -1 + z*b + 2 - b - 4. Give h(5).
12
Let g(m) = 4*m**2 - m. Let t(h) = h**3 - 3*h**2 + 1. Let d be t(3). Calculate g(d).
3
Let c(l) = l**3 + 2*l**2 + 2*l + 1. Let j(a) = -a**2 + 13*a - 18. Let m be j(9). Suppose 6*p - 2*w - 2 = 3*p, -m = p + 4*w. What is c(p)?
-3
Let x(j) = -j. Let m(g) = g**2 - g - 2. Let f(c) = m(c) + 2*x(c). Determine f(4).
2
Let m(q) = -q**2 - 3*q + 1. Let j be m(-3). Let f(s) = -4 + s + 5 + 2*s. What is f(j)?
4
Suppose 5*g = -20, 4*q - 2*q + 2*g - 2 = 0. Suppose s = d - 3, -3*s - 3 - 2 = -q*d. Let a(b) = 3*b - 1. What is a(d)?
-7
Let r(k) = 3*k - 4. Let z be r(3). Let o be -6*((-5)/2)/z. Suppose -o*v + 8 = v. Let x(y) = -2*y**3 + 3*y**2 - y. Give x(v).
-6
Let n(c) be the first derivative of 7*c**2/2 - c + 23. Determine n(1).
6
Suppose 9 + 16 = 5*b - 5*w, 15 = -5*b - 5*w. Let l(t) = 5*t**2 - 2*t - 2. Let n(v) = v**2 - 1. Let a(u) = -l(u) + 3*n(u). Determine a(b).
-1
Suppose 0 = -0*i - 7*i + 56. Let m(z) = -z**2 + 9*z - 10. Give m(i).
-2
Let f(x) = 4*x**2 - 2*x + 7. Let k(d) = -4*d**2 + 2*d - 8. Let z(l) = -7*f(l) - 6*k(l). Determine z(1).
-3
Suppose -4*m + 4*o + 40 = -12, -9 = 3*o. Let x(y) = y**3 - 11*y**2 + 12*y - 8. Give x(m).
12
Let a = 43 + -46. Let w(y) = y**2 + 5*y + 3. Calculate w(a).
-3
Let g = 21 + -17. Let j(f) be the third derivative of 0*f + 1/30*f**5 + 0*f**3 + 0 + 1/24*f**g + 4*f**2. Give j(1).
3
Let h(m) = m**3 + 2*m**2 - 2*m + 2. Suppose -6 = -6*x + 3*x. Let g be x + -3 + (-14)/(-2). Suppose 2*b = -0*b - g. Give h(b).
-1
Let p = 2 - -3. Suppose -6 = 4*r - p*r. Let m(t) = -t + 9. Let j(d) = 2*d - 17. Let k(s) = -3*j(s) - 7*m(s). Determine k(r).
-6
Let s = -7 + 4. Let g(t) = -t**2 - 3*t - 3. Let f be g(s). Let v be f*(15/9)/(-5). Let m(o) = o + 1. Calculate m(v).
2
Let o(q) = q**3 + 4*q**2 - 7*q - 1. Let f be -5 + 0 - (0 + 0). What is o(f)?
9
Let y = 13 - 21. Let k = 2 + y. Let x(m) = 2*m + 8. Determine x(k).
-4
Let z(g) = g - 1. Let s(o) = -4*o + 8. Let k(p) = -s(p) - 3*z(p). What is k(7)?
2
Let y(r) = -r**2 + r. Let m be 0 + 1 - 7/(-7). Calculate y(m).
-2
Suppose 0 = -r - 3*m - 4, 4*r + 2*m + m - 11 = 0. Let h(y) = -5*y + 6. Give h(r).
-19
Let x(y) = 6*y**3 - 5*y**2 - y + 1. Let u(c) = 11*c**3 - 9*c**2 - 2*c + 2. Let a(q) = 4*u(q) - 7*x(q). Suppose -3*r + 0 = -4*h + 2, -2 = 2*h - 3*r. Give a(h).
11
Let i(h) be the third derivative of -h**6/120 - h**5/30 + h**4/8 + 2*h**3/3 - 5*h**2. What is i(-3)?
4
Let y(r) be the third derivative of -5/24*r**4 - 5/6*r**3 + 0*r + 2*r**2 + 0 - 1/60*r**5. Give y(-5).
-5
Let v(g) = g - 3 + g**2 - 1 - g - g. Let o be v(3). Let n(k) = 7 + 4*k + k**o + 3*k + 0*k. Determine n(-5).
-3
Let q = -1 - 2. Let h(b) = 4*b**2 - 4*b + 1. Let t(y) = -3*y**2 + 4*y. Let j(f) = q*t(f) - 2*h(f). Determine j(4).
-2
Suppose 5*c + 4 = -51. Let k(l) = -3*l**3 - 5*l**2 + 4*l. Let h(z) = 16*z**3 + 26*z**2 - 21*z - 1. Let a(y) = c*k(y) - 2*h(y). What is a(-3)?
8
Let v(b) = 9*b**2 + 6 + 43*b**3 - 44*b**3 - 1 + 7 - 10*b. Give v(8).
-4
Let t(r) = -r**3 + 4*r**2 - r + 1. Let f be 20/2*4/10. Calculate t(f).
-3
Let x(r) = 3 + 728*r**2 - 729*r**2 - r - 1. Calculate x(-2).
0
Let o(z) = 7 + z**3 - 5*z**2 + 4*z**2 - 4*z**2 - 6*z. Let n = 20 + -14. Calculate o(n).
7
Let t(s) = s**3 + 5*s**2 - s - 6. Let p(d) = d + 1. Let g(h) = h**2 - 5*h - 5. Let x(n) = -g(n) - 5*p(n). Let y(f) = t(f) + 4*x(f). Give y(0).
-6
Let k = 8 + 0. Let c(p) = -19*p + k*p + 15*p. Determine c(-1).
-4
Let q be (-8)/(-10) + (-72)/(-60). Suppose a = q*a + 5. Let k(h) = h**2 + 6*h + 1. Give k(a).
-4
Suppose -5*k = 8*x - 3*x + 10, 0 = 3*x + 15. Let j = k - 2. Let t(c) = -3*c - 1. Calculate t(j).
-4
Let q(l) = 5*l. Let o(c) = -c. Let t be 26/22 - (-2)/(-11). Let m(s) = t*q(s) + 4*o(s). Let a = -2 + 0. What is m(a)?
-2
Let a(s) = s**2 + 4*s + 3. Let v = -2 - -5. Suppose 4*k - v*y = -8, -3*y + 8*y - 4 = 2*k. Determine a(k).
-1
Let d(v) = -4*v + 1. Let s(m) = -m + 5*m - 3*m. Let l(o) = d(o) + 5*s(o). Let u = -7 - -11. What is l(u)?
5
Let g be (-4)/(-6)*(-9)/(-2). Let m(b) = -3*b + 3*b + 1 - 4*b + g*b. What is m(0)?
1
Let n(g) = -8 + 64*g**2 - g - 63*g**2 - 8*g. Determine n(10).
2
Let t be 5*(-1*2)/(-2). Let b(l) = -6*l**2 + 185*l - 93*l - 85*l + l**3 - 6. Give b(t).
4
Let r be 65/(-52) + 6/(-8). Let x(d) be the first derivative of -2*d**2 + d - 2. Give x(r).
9
Let t be -2 - (2 - (-3 - -3)). Let y(q) = q**3 + q**2 - q + 1. Let k be y(1). Let m(a) = 2*a + 0 + 2 + k. What is m(t)?
-4
Let u = -5 - -10. Let d(s) = -s**3 + 6*s**2 - 5*s - 4. Calculate d(u).
-4
Let m(t) = t**3 + 3*t**2 - 4*t - 3. Let w be m(-4). Let d be 2/w*(-4 - 2). Let a(o) = o**3 - 3*o + 6 - 3*o - 3*o**2 - o. What is a(d)?
-6
Let a(i) be the first derivative of i**4/4 - 2*i**3/3 + 3*i**2/2 - 1. Let l be 1*((-2)/(-2) - -1). Give a(l).
6
Let i(s) = s**2 + 3*s + 1. Let q(p) = p + 1. Let z(w) = i(w) - q(w). Calculate z(-3).
3
Suppose -3*n + 2*n = 0. Suppose -c - 1 = 0, 4*k + n*k - c = -27. Let h(y) = y**2 + 10*y + 8. Give h(k).
-13
Suppose 4*q - w + 12 = 0, -3*q - 4*w = -q - 12. Let c(d) = -d. Let a(p) = 3*p + 4. Let i(y) = q*c(y) - a(y). Suppose -12 + 6 = -2*x. Calculate i(x).
-7
Let c(n) = -n**2 - 6*n - 1. Let i(u) = u**3 + 7*u**2 + 2*u + 1. Let y be i(-6). Suppose -5*g - y = -0*g. Calculate c(g).
4
Let n(i) = i + 6. Suppose -3*m = -5*o - 4*m, -4*o = 2*m. What is n(o)?
6
Let o(f) = -2*f**2 - 3*f - 2. Let m(p) = p - 9 + 9 + p**2. Let u(l) = 3*m(l) + o(l). Give u(-2).
2
Let t(d) = d**2 + 2. Let g be t(0). Let l(p) = g*p - 3 - 6*p + 3*p. Let x(q) = -q - 7. Let u be x(-4). Determine l(u).
0
Let a(o) be the first derivative of 3/2*o**2 - 2*o + 4. Determine a(3).
7
Let s(b) = -b + 1. Let j be s(-1). Suppose -j*o = o - 15. Let w(v) = -v**2 + 5*v + 1. What is w(o)?
1
Suppose -3*s - 14 = -5*n + 4, 0 = 4*n + s - 11. Suppose 8 = -2*g, -n*p - 8*g + 3*g = 20. Let j(o) = -o**3 - 3. Give j(p).
-3
Let x(f) = -f**3 - 10*f**2 + f + 7. Let r(s) = 3*s + 8. Let n be r(-6). Determine x(n).
-3
Let l(g) be the third derivative of -g**6/360 - g**5/30 + 7*g**4/24 + 5*g**3/6 - 7*g**2. Let c(d) be the first derivative of l(d). Calculate c(-5).
2
Suppose 2*b - 47 = 5*c + 4*b, -5*b - 14 = c. Let z be (-1)/c - 140/(-36). Let y(o) = -o + 4. Determine y(z).
0
Let w(l) = -2*l**2 + 3*l - 2. Let f = -5 + 7. Let u be f/2*-3 + 0. Let t = u + 5. Give w(t).
-4
Let r = 36 + -20. Suppose -m = -5*m + r. Let i(q) = q**3 - 3*q**2 + q - 5. Give i(m).
15
Let k(y) = -y**3 - 3*y**2 - 2*y. Let u(z) = -z + 1. Let t(j) = 6*j - 4. Let v(a) = t(a) + 5*u(a). Let s be v(-4). Give k(s).
6
Let f(m) be the second derivative of 1/6*m**3 + 0 + 1/2*m**2 + 5/6*m**4 - 3*m. What is f(-1)?
10
Let n(a) be the second derivative of 3*a + 1/2*a**2 + 0 + a**3 + 1/12*a**4. Calculate n(-4).
-7
Let p(c) = 7*c**3 + 11*c**2 + 3*c - 5. Let d(r) = -4*r**3 - 6*r**2 - 2*r + 3. Let h(v) = 5*d(v) + 3*p(v). What is h(-3)?
3
Let x(g) = -g**3 + 4*g**2 - g + 3. Suppose 3*b - 4*r - 28 = -0*r, -12 = -2*b + r. Give x(b).
-1
Let u be ((-162)/(-24))/(6/(-16)). Let c be u/(-12)*16/(-6). Let d(o) = -o**3 - 4*o**2 - 2*o + 1. Determine d(c).
9
Suppose -5*j + 4 = -3*y + 18, -6 = -2*y. Let r(n) be the first derivative of n**4 - n - 1. Calculate r(j).
-5
Let r = 8 - 8. Let k(f) = r*f**3 + 4*f**3 - 2 - 2*f**2 - 5*f**3 - f**2 - 3*f. Determine k(-2).
0
Let z(m) = -m + m + 2 - 2*m. Let a be z(1). Let l(g) = g + 1. What is l(a)?
1
Let t(d) = -d**2 - 4*